). Is j(-6) a multiple of 5?
True
Suppose -62*f - 1004 = -64*f. Is f a multiple of 6?
False
Let l(y) = -2*y**2 + 101*y + 50. Is 18 a factor of l(46)?
False
Let y = 12 - -169. Does 19 divide y?
False
Let o(j) = 63*j + 397. Does 43 divide o(8)?
False
Let z = -16 - -20. Suppose -v + z*d - 89 = -6*v, 4*d + 79 = 3*v. Let m = v - -1. Is m a multiple of 5?
False
Is 20 a factor of ((-1560)/650)/(1/((-350)/3))?
True
Let q(o) = -o**3 - 4*o**2 - 2*o - 4. Let s be q(-5). Suppose 27*d + 224 = s*d. Is 15 a factor of d?
False
Let s(d) = -4*d**2 - 40*d + 14. Is 11 a factor of s(-5)?
False
Is 19 a factor of ((-1299)/(-12)*-2)/((-21)/210)?
False
Let x(h) = -h**3 + 4*h**2 - 2*h + 2. Let f be x(4). Let t be (f/(-4))/((-3)/(-76)). Suppose -b - t = -3*d, -3*b - 54 = 3*d - 7*d. Does 12 divide d?
True
Let i(n) = -n + 1. Let y be i(2). Let f(c) = -2*c**3 + c**2. Let k be f(y). Suppose l + 5*s + 11 = 0, 5*l - k = 2*l - 3*s. Does 2 divide l?
True
Suppose -68*i + 51217 = -46839. Does 16 divide i?
False
Is 74 a factor of 30015/29 + (2 - 0 - 1)?
True
Let z(l) = 3*l**2 + 9*l + 4. Is z(7) a multiple of 35?
False
Suppose 52*l + 2265 = 6581. Is 2 a factor of l?
False
Let k(p) = 1 - 3*p + 2 + 2*p + 27. Suppose 4*m = 3*m. Is k(m) a multiple of 15?
True
Suppose 8*a - 30 = 9*a. Let z = -74 - -124. Is (72/a)/((-4)/z) a multiple of 15?
True
Let g(i) = -2*i**3 + 22*i**2 + i + 19. Is g(11) a multiple of 9?
False
Suppose -13*k + 16*k = 4*l - 620, -5*l = 4*k - 775. Is 6 a factor of l?
False
Let s(l) = -l**2 + 14*l - 17. Let q be s(9). Suppose -2*i + q + 310 = 0. Is 7 a factor of i?
False
Let i = 66 - 21. Let b = i - 14. Suppose 2*t + 3*c - 28 = 0, -b = -t + 3*c - 8. Is t a multiple of 4?
False
Let h(p) = 3*p**2 + 6*p + 143. Is h(-15) a multiple of 52?
True
Suppose 3*f = -5*b - 39, 4*f + 3*b = b - 66. Let r = 32 + f. Is 14 a factor of r?
True
Let i = 16 - 14. Suppose 5*z + 19 = 4*j - 6, 0 = i*j - 2*z - 10. Suppose 2*s - 46 = -3*r + s, j = -5*r + 3*s + 100. Does 8 divide r?
False
Suppose 300 = -0*i + 5*i. Let h = 36 - 30. Suppose h*d - i = 3*d. Is d a multiple of 10?
True
Let g(j) = 878*j + 30. Is g(3) a multiple of 12?
True
Let o(k) = 12*k**3 - 10*k**2 - 49. Is 37 a factor of o(6)?
True
Suppose 4*z = -3*z + 3304. Does 18 divide z?
False
Let v be (-48)/(-15)*30/6. Suppose -8*b = -4*b + v. Is 17 a factor of ((-17)/(-4))/(b/(-16))?
True
Let u(o) = 3*o + 3 - 9*o + 4 + 10. Is 37 a factor of u(-8)?
False
Let k(d) = 2*d**2 + 3*d - 2. Is k(-6) a multiple of 5?
False
Let a(w) be the first derivative of -6*w**2 + 15*w - 3. Does 21 divide a(-8)?
False
Suppose -6*q + 2*q + 340 = 0. Let r be (1 - 0) + -6 + q. Suppose d - 100 = c - 6*c, -4*c + r = -2*d. Is 20 a factor of c?
True
Let a(v) = 2*v**2 - 18*v - 30. Is a(15) a multiple of 10?
True
Suppose -104*x = -87*x - 11900. Is x a multiple of 30?
False
Let g(a) = 12*a**3 - a**2 - a + 2. Let t be g(2). Suppose 2*u - t = 18. Suppose -3*n + u = -17. Does 24 divide n?
True
Let d be 42/(-8)*8/(-3). Suppose -8*p = -598 + 38. Suppose 4*t - p = -d. Is 7 a factor of t?
True
Let f = 6 - 4. Let n(a) = -2 + 5 - 9 + 5 + 3*a. Is n(f) a multiple of 5?
True
Does 43 divide 160 + (-63)/(-9) - -5?
True
Suppose -2 + 7 = -p, -3*g + 2*p + 352 = 0. Suppose -22*k = -16*k - g. Is k a multiple of 2?
False
Let a = -47 + 74. Let y = 56 - a. Does 21 divide y?
False
Let u(a) = a**2 - 6*a + 13. Is 2 a factor of u(9)?
True
Let v be 5 + (-3 - 0) + -1. Let t be (-56)/(-20)*v*60. Is 14 a factor of 1/(4/t*3)?
True
Let x(z) = 6*z**3 + 4*z**2 - 15*z - 2. Is 66 a factor of x(4)?
False
Let s = 6 - 4. Suppose 3*o + 34 - 199 = 0. Does 11 divide (-24)/(-20)*o/s?
True
Let k be 2 + 3 + -5 - -8. Suppose -k*m = -11*m. Suppose -128 - 24 = -5*q + 3*n, m = -3*q + n + 88. Does 28 divide q?
True
Suppose 234*m = 228*m + 30. Is m a multiple of 5?
True
Suppose -61 = -4*r + 27. Suppose -r = -3*y + 4*z - 2*z, -2*y - 3*z = -19. Does 21 divide (-1 + y)*6/2?
True
Let w = -468 + 1722. Is 66 a factor of w?
True
Let f = -384 + 391. Does 7 divide f?
True
Suppose -112*s - 880 = -123*s. Is s a multiple of 4?
True
Suppose 451 + 592 = 4*r + a, -529 = -2*r + a. Is r a multiple of 19?
False
Let q be 180/54*6/5. Suppose -4*c - m + 39 + 98 = 0, 4*m = q*c - 152. Is 8 a factor of c?
False
Let w(s) = s**2 - 16*s - 3. Let y(r) = -r**2 + 15*r + 4. Let u(l) = -5*w(l) - 4*y(l). Let a(p) be the first derivative of u(p). Does 3 divide a(0)?
False
Let r = 79 - 93. Is 4 a factor of (-1560)/(-28) + r/(-49)?
True
Let t(b) = -34*b + 77*b - 38*b - 40. Is t(9) a multiple of 2?
False
Suppose 2*w - w + 3*k - 204 = 0, -2*w - 3*k = -411. Suppose w = x + 2*x. Is 23 a factor of x?
True
Let f(d) = 11*d**2 + 2*d**3 - d**3 - 4*d - 4*d - 2. Let y be f(-11). Suppose -192 = -5*v + u, 2*v + 12 = -u + y. Is 9 a factor of v?
False
Let j(m) = -m**2 - 49*m + 28. Is j(-35) a multiple of 37?
True
Let j = 52 + -61. Let f = j - -27. Does 9 divide f?
True
Let x(r) be the first derivative of r**4/4 - 2*r**3 + 4*r**2 - 7*r + 3. Is x(5) a multiple of 8?
True
Let s be (-1)/((-3)/213) - -3. Let n = s + -41. Does 14 divide n?
False
Suppose 361 = 4*p - 523. Is 16 a factor of p?
False
Let r = 415 + -294. Is r a multiple of 5?
False
Suppose -63*p + 2373 = -42*p. Does 68 divide p?
False
Let s(z) = 166*z**3 + 2*z**2 + 3*z - 3. Does 3 divide s(1)?
True
Let l = 109 - 38. Suppose -l = -5*i - r, 3*i + 26 = r + 75. Is 3 a factor of i?
True
Let y(f) = f**2 - 5*f + 20. Let z be y(7). Let w = 39 + z. Does 5 divide w?
False
Let k = -14 + 20. Suppose 15 = k*b - 15. Suppose -b*u + 30 = u. Does 5 divide u?
True
Is 85 a factor of 3*(3 + 31)*10?
True
Let q = 1435 - 955. Is q a multiple of 48?
True
Let z(g) = g**3 + 14*g**2 + 7*g - 6. Let b be -11 - -1 - (11 + -8). Is 19 a factor of z(b)?
False
Suppose -2*o = 3*v + 9, 3*o + 28 = 4*o - 5*v. Suppose -4*i = 2*n + 54 - 544, 15 = o*n. Is i a multiple of 40?
True
Suppose 76*k - 75*k - 833 = -4*a, 5*a = -5*k + 4135. Is k a multiple of 5?
True
Suppose -d - 11 + 40 = 0. Does 2 divide d?
False
Let r(p) be the third derivative of 19*p**5/20 - 15*p**2. Is 15 a factor of r(1)?
False
Suppose 0 = z - 5, 2*z + 188 = -3*u + 6*z. Is 25/(-10)*u/5 a multiple of 14?
True
Let q = -1511 + 1717. Is q a multiple of 2?
True
Suppose x - 31 = -4*g, x - 5*g - 11 = -4*g. Suppose 1 = -2*c + 2*j + 33, 0 = -3*j - x. Does 11 divide c?
True
Suppose -150*h + 142*h + 1552 = 0. Is h a multiple of 59?
False
Let l(d) = d**3 - 10*d**2 + 18*d + 6. Let f be l(8). Let o = f - 22. Suppose o = 3*k - 3, -5*w - 5*k = -0*k - 65. Is w a multiple of 3?
True
Let r(x) = 274*x**2 - 4*x + 3. Does 17 divide r(-2)?
False
Suppose -6*f - 96 = 6*f. Let z(x) = -32*x - 37. Is 19 a factor of z(f)?
False
Let a(n) be the second derivative of -31*n**4/12 + 7*n**3/3 + 8*n**2 - 9*n. Let i be a(-12). Does 15 divide i/(-40) - 2/5?
False
Suppose -2*q + 8 = i + 2*i, i + 1 = 3*q. Suppose 136 = 4*b + m, 3*b + 31 = -i*m + 138. Is b a multiple of 6?
False
Let g be 2*(1 + (-2)/3)*1227. Let y = -512 + g. Is y a multiple of 17?
True
Let h = -13 - -15. Suppose 863 = h*i - 17. Is (-32)/(-56) - i/(-14) a multiple of 13?
False
Is 66 a factor of 1830/((0 - -5)*2/5)?
False
Let r(w) = -3 + 6*w - 5*w**2 + 2*w**2 + 2*w**2. Let a be r(2). Suppose a*l = -0 + 45. Is 9 a factor of l?
True
Let c(i) = 73*i - 38. Is c(29) a multiple of 9?
True
Let c(h) = -h**2 + 14*h + 16. Let w be c(15). Is 15 a factor of (109 + -1 + -1 + w)/1?
False
Suppose 2*j + 12 = -10. Let c(y) be the third derivative of -y**6/120 - y**5/6 + 3*y**4/8 + 11*y**3/6 - 11*y**2. Does 12 divide c(j)?
False
Suppose 4*b = m + 32, -m + 2*b = 3*b + 37. Is 28 a factor of (m/27)/((-2)/42)?
True
Suppose -3*v - 2 = 5*f - 21, -5*f - 5 = -5*v. Suppose 2*l = -f*k + 106, 4*k = 2*k + 2*l + 86. Is 16 a factor of k?
True
Suppose 50 = 2*u - 146. Let c = -54 + u. Is c a multiple of 11?
True
Let y = -143 - -286. Suppose 0*t + 3*t - 21 = 0. Suppose t*r - 88 = y. Is r a multiple of 11?
True
Let u = -814 + 988. Is u a multiple of 3?
True
Let j = -1 - -1. Suppose 2*p - 13 - 95 = j. Suppose -4*y = 5*a - 147, -a + p - 21 = 2*y. Is 17 a factor of a?
False
Suppose -8 = -5*k + 7. Suppose -k*u - 4 - 2 = 0. Let n(i) = -3*i**3 + 2*i**2 + 1. Is 14 a factor of n(u)?
False
Let r(w) = -w**3 + 2*w**2 + 1. Let p be r(2). Let k = 1 + p. Is -24*(-1)/3*k a multiple of 6?
False
Let z = -5 + 8. Supp